47 = 3*o + 5*f - 5. What is the highest common divisor of o and 76?
4
Let t(h) = h**3 + 3*h**2 - 3*h + 6. Let b be t(-4). Suppose -b*w - 5 = -7*w. Calculate the highest common divisor of w and 1.
1
Let o = -73 - -78. Calculate the highest common factor of o and 85.
5
Let j(r) = 70*r**2 + 5*r - 14. Let a be j(2). What is the highest common divisor of a and 23?
23
Let o(b) = 2*b**2 - 33*b + 60. Let q be o(17). What is the highest common divisor of 28 and q?
7
Let n be (-8724)/(-78) + 12/78. Calculate the highest common divisor of 144 and n.
16
Let o = 296 + -196. Let v be 8440/o - (-2)/(-5). What is the greatest common divisor of v and 14?
14
Let z be (132/(-14))/(0 + (-5)/35). Calculate the highest common factor of z and 198.
66
Let j be 10820/(-90) - (-2)/9. Let d be ((-4)/3)/(20/j). Calculate the greatest common divisor of 16 and d.
8
Let n be 2/((-100)/30)*-75. Calculate the greatest common factor of n and 285.
15
Suppose -68 = -8*h - 4. Calculate the highest common factor of h and 24.
8
Let p be (-4)/(-2) - (-198)/6. Let b = p + -25. Calculate the highest common divisor of b and 130.
10
Suppose 5*w - 6 = 4*w. Let i be (2 - 0 - w) + 26. Let y(l) = -7*l**3 + 2*l**2 - 2*l - 2. Let n be y(-2). What is the highest common divisor of i and n?
22
Suppose w + 4 = -3*d + 6, 5*d + 2*w - 2 = 0. Suppose -3*u + 2*v = -413, u - 2*v - 151 = d*v. Calculate the greatest common factor of u and 27.
27
Suppose -971 = -6*u - 257. What is the highest common divisor of 7 and u?
7
Suppose 0 = -0*x - 9*x + 81. Suppose -264 = -x*h + 96. Calculate the greatest common factor of 20 and h.
20
Suppose i + 7*s - 3*s - 11 = 0, 2*i - 35 = 5*s. What is the greatest common divisor of i and 18?
3
Let f(c) = c**3 + 15*c**2 - 20*c - 13. Let q = 8 - 11. Let w(j) = -j**2 + 2*j - 1. Let s be w(q). Let r be f(s). What is the highest common factor of r and 34?
17
Suppose 15*n + 20 = 17*n. Let b = 33 + -37. Let f be 2 + (-6 - b) - -15. Calculate the highest common factor of f and n.
5
Let o be (-2303)/(-4) + 12/(-16). What is the highest common factor of o and 25?
25
Let p = 26 + -22. Suppose d = -3*a + 14, -p*d - 4*a + 47 = -a. Let n = 13 - d. Calculate the highest common factor of n and 3.
1
Let i be (-9)/6*(-1 + -13). Let q = i - 7. Suppose -2*l - l + 5*m = -373, 0 = -l + 4*m + 122. Calculate the highest common divisor of q and l.
14
Let d = -129 + 346. What is the highest common divisor of 28 and d?
7
Let a(g) = 20*g + 408. Let n be a(-16). What is the greatest common factor of 18 and n?
2
Suppose y + 9 = 4*y. Suppose -h + m - y*m = 6, h + 3*m = -10. Suppose -4*x + 12 = -t, -h*t - x - 11 = -4*t. Calculate the greatest common factor of 8 and t.
8
Suppose 0*t - 147 = -7*t. What is the greatest common divisor of t and 49?
7
Let x(g) = -2*g**3 + g**2 - 2. Let w be x(-2). Suppose -t + 4 = 1. Suppose y = -t*c + w + 18, c - y = 16. Calculate the greatest common factor of c and 65.
13
Suppose -2*u = -3*c + 251, u = 4*u - 6. Suppose -374 = -37*a + 255. What is the highest common factor of a and c?
17
Suppose -50 = 10*x + 30. Let a(z) = z**3 + 17*z**2 + 12*z + 6. Let u be a(x). Calculate the highest common factor of u and 54.
54
Let q(m) = m + 8. Let s be q(-2). Suppose -2*n = 5*t + n - 195, 146 = 3*t - 4*n. What is the greatest common divisor of t and s?
6
Suppose 3*q + 0*q + 216 = 0. Let a be ((-4)/6)/((-4)/q). Let z(b) = b**3 + 11*b**2 - 14*b + 4. Let u be z(a). What is the greatest common divisor of 70 and u?
14
Suppose -19 = -5*j - 14. Suppose 0 = 9*m - 56 - 43. What is the highest common factor of j and m?
1
Suppose 5*s - 19 = 51. Let i be ((-20)/(-25))/(2/35). Calculate the highest common divisor of i and s.
14
Suppose 2*h - 846 = 2*c + 430, -4*c = -3*h + 1912. Calculate the greatest common divisor of 30 and h.
10
Suppose 0 - 2 = -x. Let g(a) = a - 4*a - 17 + x*a - a. Let v be g(-13). Calculate the greatest common divisor of v and 6.
3
Suppose 3*c + 48 - 246 = -2*d, 15 = 5*d. What is the highest common divisor of 16 and c?
16
Let a = 1112 + -741. Calculate the greatest common factor of a and 53.
53
Let z be 1/4 - 237/(-12). Suppose -9*j = -4*j - 345. Let v = -29 + j. What is the highest common divisor of v and z?
20
Let j be 4/(-10) - (-17)/5. Suppose 89 = j*m + 29. Let x be (4 - 9)/(2/(-4)). Calculate the greatest common divisor of m and x.
10
Suppose -623 = -6*c + 97. What is the highest common divisor of c and 200?
40
Suppose 7*q - 4*q = 72. Let l be ((-6)/8)/((-3)/288). What is the greatest common factor of q and l?
24
Let m be 4/(84/9) - 18696/(-574). Suppose -39 = -4*k - r, -4*r - 20 = -0*r. What is the greatest common divisor of m and k?
11
Let w = -240 - -242. Let p(l) = l**2 - l + 4. Let z be p(3). What is the greatest common divisor of z and w?
2
Suppose 0 = -2*l + 25 - 21. Let q(s) = 4*s - 5*s + s**3 - 2 + 2*s**3 + 2*s**3. Let w be q(l). Calculate the greatest common divisor of w and 12.
12
Let n = -31 - -37. Suppose n*p - 57 = 3*p. What is the highest common factor of 76 and p?
19
Suppose 66*p + 42 = 69*p. Calculate the greatest common divisor of p and 1134.
14
Let d = -7 - -7. Suppose -5*a = -d + 20. Let k be (3 - -1) + (4 - a). What is the greatest common divisor of 60 and k?
12
Suppose 0 = 3*s - 0*s. Suppose -3*v + 3*y + 153 = -s*y, 0 = 4*v + y - 189. Let i be ((-10)/(-4))/(8/v). What is the greatest common divisor of 5 and i?
5
Suppose -3*p = -0*p - 60. Let j = -3028 + 3208. Calculate the highest common divisor of j and p.
20
Let k be (-4)/18 + 1372/18. Suppose -2*y + 4*g + 10 = 0, 2*g - 6*g - 9 = -3*y. Let a be (171/(-45))/(y/5). Calculate the highest common divisor of k and a.
19
Let w = 1049 - 977. What is the highest common factor of 18 and w?
18
Let d be 28/6 + 6/18. Suppose -2*p = -d*z - 1, 0 = -2*p + 4*z - 9*z + 11. Suppose -p*t + 7 = -2. What is the greatest common divisor of t and 3?
3
Suppose 10 = 4*l - 10. Let w(h) = -h**3 - 2*h. Let i be w(-2). Let s = i - -43. What is the greatest common divisor of s and l?
5
Suppose -2*m - 5 = -3*m. Suppose -2*k - 288 = -6*k - 2*p, -m*p = 5*k - 350. Let t = k - 39. Calculate the highest common divisor of t and 14.
7
Let y = 278 + -268. What is the highest common factor of 50 and y?
10
Suppose 0 = 21*k - 15 - 90. What is the greatest common divisor of k and 50?
5
Let f(o) = -o**3 + 28*o**2 - 50*o - 48. Let k be f(26). What is the highest common factor of k and 5?
1
Let n = 999 + -780. Calculate the highest common divisor of n and 511.
73
Let m be (20/(-16))/(5956/(-992) + 6). What is the greatest common factor of m and 93?
31
Let g = 295 - 255. Calculate the greatest common factor of 270 and g.
10
Suppose -3*f + 5*x + 50 = 0, -3*f + 2*x - 135 = -8*f. Suppose f*p = 28*p - 315. Calculate the highest common divisor of p and 15.
15
Suppose 8*t + 3 = 67. What is the greatest common divisor of t and 32?
8
Let l(t) = 94*t**2 + 3*t + 5. Let d be l(-2). Let s = -258 + d. Calculate the highest common divisor of 39 and s.
39
Suppose -5*a - 13 = -43. Suppose a*h = 3*h + 72. Let u be 3*(1 + h + -2). What is the highest common divisor of u and 46?
23
Let o be 9/(4/(-16) + (-14)/(-8)). Calculate the highest common divisor of 12 and o.
6
Let r be (-8370)/(-120) + (-1)/(-4). Calculate the highest common factor of r and 10.
10
Suppose 17*q = -11*q + 280. What is the greatest common divisor of q and 13?
1
Let b be 0 + 1 + 6/(-3). Let a be ((-3)/b)/((-4)/(-40)). Suppose 0 = -16*f + 1634 - 434. Calculate the greatest common divisor of a and f.
15
Let a(o) = 3*o**3 - 4*o**2 - 2*o + 9. Let u = 20 + -17. Let i be a(u). What is the greatest common factor of i and 6?
6
Suppose 5*k - 4*w - 613 = 0, 5*w + 426 = 4*k - 68. Calculate the highest common factor of k and 11.
11
Suppose 2*s - 6 = -5*u + 5, 2*u = -3*s. Suppose u*m - h = 4*h + 79, h + 5 = 0. Calculate the highest common divisor of 2 and m.
2
Let h be ((-65)/(-15))/((-6)/(-126)). Let u(b) = 3*b**2 + 3*b + 3. Let f be u(-4). What is the greatest common factor of f and h?
13
Let p(r) = -29*r - 1. Let v be p(1). Let k be (2 - 4) + -1 - v. Calculate the highest common factor of 189 and k.
27
Let j(o) = -o**3 - 16*o**2 + 22*o + 20. Let l be j(-18). Calculate the greatest common factor of 16 and l.
16
Let q(z) = z**3 + 21*z**2 + 45*z - 21. Let l be q(-16). Calculate the highest common divisor o